3 is divided by 41.
31
Calculate the remainder when 493 is divided by 241.
11
What is the remainder when 100 is divided by 13?
9
Calculate the remainder when 997 is divided by 40.
37
What is the remainder when 3105 is divided by 111?
108
Calculate the remainder when 36 is divided by 12.
0
What is the remainder when 341 is divided by 33?
11
What is the remainder when 2041 is divided by 146?
143
What is the remainder when 4443 is divided by 57?
54
What is the remainder when 797 is divided by 351?
95
What is the remainder when 1484 is divided by 320?
204
What is the remainder when 3338 is divided by 10?
8
What is the remainder when 1777 is divided by 14?
13
What is the remainder when 367 is divided by 21?
10
What is the remainder when 105 is divided by 21?
0
What is the remainder when 2957 is divided by 36?
5
Calculate the remainder when 3425 is divided by 107.
1
Calculate the remainder when 1440 is divided by 26.
10
What is the remainder when 153 is divided by 22?
21
What is the remainder when 205 is divided by 13?
10
What is the remainder when 703 is divided by 15?
13
What is the remainder when 7258 is divided by 44?
42
Calculate the remainder when 1584 is divided by 136.
88
What is the remainder when 1155 is divided by 58?
53
What is the remainder when 983 is divided by 195?
8
What is the remainder when 1032 is divided by 45?
42
Calculate the remainder when 217 is divided by 5.
2
What is the remainder when 224 is divided by 112?
0
Calculate the remainder when 13340 is divided by 150.
140
What is the remainder when 3290 is divided by 276?
254
Calculate the remainder when 69 is divided by 19.
12
What is the remainder when 1777 is divided by 869?
39
Calculate the remainder when 342 is divided by 114.
0
Calculate the remainder when 246 is divided by 28.
22
What is the remainder when 2120 is divided by 236?
232
Calculate the remainder when 146 is divided by 10.
6
What is the remainder when 262 is divided by 68?
58
What is the remainder when 214 is divided by 56?
46
Calculate the remainder when 276 is divided by 73.
57
What is the remainder when 711 is divided by 8?
7
What is the remainder when 163 is divided by 8?
3
Calculate the remainder when 3453 is divided by 34.
19
What is the remainder when 67599 is divided by 40?
39
What is the remainder when 1439 is divided by 60?
59
What is the remainder when 935 is divided by 104?
103
Calculate the remainder when 2500 is divided by 61.
60
What is the remainder when 252 is divided by 112?
28
Calculate the remainder when 72 is divided by 37.
35
Calculate the remainder when 1693 is divided by 74.
65
Calculate the remainder when 3637 is divided by 8.
5
Calculate the remainder when 435 is divided by 125.
60
Calculate the remainder when 383 is divided by 32.
31
Calculate the remainder when 1911 is divided by 36.
3
What is the remainder when 88 is divided by 54?
34
What is the remainder when 3164 is divided by 15?
14
Calculate the remainder when 649 is divided by 237.
175
Calculate the remainder when 488 is divided by 35.
33
What is the remainder when 794 is divided by 7?
3
Calculate the remainder when 68 is divided by 38.
30
Calculate the remainder when 4386 is divided by 19.
16
What is the remainder when 74 is divided by 8?
2
Calculate the remainder when 1361 is divided by 44.
41
Calculate the remainder when 99 is divided by 51.
48
What is the remainder when 657 is divided by 231?
195
What is the remainder when 835 is divided by 383?
69
What is the remainder when 155 is divided by 76?
3
What is the remainder when 257 is divided by 87?
83
Calculate the remainder when 54 is divided by 30.
24
Calculate the remainder when 926 is divided by 58.
56
Calculate the remainder when 10062 is divided by 148.
146
Calculate the remainder when 1347 is divided by 113.
104
Calculate the remainder when 1089 is divided by 538.
13
Calculate the remainder when 214 is divided by 22.
16
What is the remainder when 532 is divided by 147?
91
What is the remainder when 99 is divided by 36?
27
Calculate the remainder when 113 is divided by 31.
20
Calculate the remainder when 2219 is divided by 20.
19
Calculate the remainder when 3236 is divided by 90.
86
What is the remainder when 186 is divided by 63?
60
What is the remainder when 743 is divided by 248?
247
What is the remainder when 155 is divided by 87?
68
What is the remainder when 10918 is divided by 20?
18
Calculate the remainder when 212 is divided by 11.
3
Calculate the remainder when 101 is divided by 36.
29
Calculate the remainder when 1298 is divided by 303.
86
What is the remainder when 541 is divided by 13?
8
What is the remainder when 45 is divided by 6?
3
Calculate the remainder when 4715 is divided by 127.
16
What is the remainder when 876 is divided by 110?
106
What is the remainder when 209 is divided by 43?
37
Calculate the remainder when 468 is divided by 84.
48
Calculate the remainder when 1887 is divided by 118.
117
What is the remainder when 11839 is divided by 37?
36
What is the remainder when 516 is divided by 47?
46
Calculate the remainder when 82 is divided by 65.
17
What is the remainder when 10 is divided by 1?
0
What is the remainder when 742 is divided by 34?
28
What is the remainder when 1360 is divided by 19?
11
Calculate the remainder when 1634 is divided by 334.
298
Calculate the remainder when 1191 is divided by 241.
227
Calculate the remainder when 32 is divided by 3.
2
What is the remainder when 474 is divided by 72?
42
Calculate the remainder when 756 is divided by 56.
28
What is the remainder when 1936 is divided by 149?
148
What is the remainder when 236 is divided by 63?
47
Calculate the remainder when 160 is divided by 24.
16
Calculate the remainder when 605 is divided by 154.
143
Calculate the remainder when 33 is divided by 9.
6
Calculate the remainder when 1334 is divided by 650.
34
What is the remainder when 2580 is divided by 858?
6
What is the remainder when 372 is divided by 124?
0
What is the remainder when 115 is divided by 39?
37
Calculate the remainder when 478 is divided by 2.
0
Calculate the remainder when 2037 is divided by 3.
0
Calculate the remainder when 134 is divided by 17.
15
What is the remainder when 634 is divided by 58?
54
What is the remainder when 375 is divided by 65?
50
What is the remainder when 87 is divided by 44?
43
What is the remainder when 2130 is divided by 153?
141
What is the remainder when 1028 is divided by 205?
3
What is the remainder when 101 is divided by 21?
17
What is the remainder when 387 is divided by 81?
63
Calculate the remainder when 778 is divided by 156.
154
Calculate the remainder when 184 is divided by 11.
8
Calculate the remainder when 258 is divided by 49.
13
Calculate the remainder when 1258 is divided by 35.
33
What is the remainder when 31 is divided by 13?
5
What is the remainder when 561 is divided by 12?
9
What is the remainder when 165 is divided by 12?
9
Calculate the remainder when 672 is divided by 52.
48
What is the remainder when 161 is divided by 89?
72
Calculate the remainder when 63 is divided by 32.
31
What is the remainder when 2736 is divided by 275?
261
Calculate the remainder when 6000 is divided by 1998.
6
What is the remainder when 568 is divided by 30?
28
What is the remainder when 349 is divided by 32?
29
Calculate the remainder when 301 is divided by 67.
33
What is the remainder when 2166 is divided by 181?
175
What is the remainder when 68 is divided by 40?
28
Calculate the remainder when 73 is divided by 20.
13
What is the remainder when 57 is divided by 12?
9
What is the remainder when 261 is divided by 87?
0
What is the remainder when 599 is divided by 46?
1
What is the remainder when 95 is divided by 93?
2
Calculate the remainder when 49 is divided by 20.
9
Calculate the remainder when 639 is divided by 129.
123
Calculate the remainder when 327 is divided by 41.
40
Calculate the remainder when 7174 is divided by 35.
34
Calculate the remainder when 303 is divided by 61.
59
What is the remainder when 223 is divided by 32?
31
Calculate the remainder when 561 is divided by 148.
117
What is the remainder when 147 is divided by 4?
3
What is the remainder when 628 is divided by 114?
58
What is the remainder when 478 is divided by 27?
19
What is the remainder when